2
Let v = 64 - 40. Let c = 40 - v. What are the prime factors of c?
2
List the prime factors of 0 + -1 - (3 - 32).
2, 7
Suppose -66 = -5*t + 159. Suppose 4*c = 3*c + g + 19, -3*c - 3*g = -t. What are the prime factors of c?
17
Let u(r) = -3*r - 2. Let z be u(-2). Suppose z*w = 18 + 18. List the prime factors of w.
3
List the prime factors of 243 + (2 - (-7 + 4)).
2, 31
Let y be (12/7)/((-1)/(-7)). Suppose 5*o - o - y = 0. Suppose o = -i + 2*i. List the prime factors of i.
3
Let o be ((-2)/(-2))/(2 - 1). What are the prime factors of (-10 - -13)*(15 - o)?
2, 3, 7
Let t(v) = 2*v**2 - 3*v + 2. Let j be t(2). List the prime factors of ((-4)/2)/(j/(-58)).
29
Suppose -1 = 4*s - 3*s. Let f(g) = 23*g - 1. Let r be f(s). Let t = r - -34. List the prime factors of t.
2, 5
Let u = 2 - 0. Let s be (-14)/(-8) - (-1)/4. Suppose 4*l - u*h + 1 = 23, s*l - 5*h = 31. List the prime factors of l.
3
Let o be ((-4)/(-5))/(10/25). Suppose o*x = 12 - 2. Suppose -84 = -x*q - 19. List the prime factors of q.
13
Suppose 2*z - 4*z - 5*s - 51 = 0, 5*s = -25. Let b = z - -21. List the prime factors of b.
2
Let u(g) = g**3 - 3*g**2 - 3*g + 2. Let t be u(2). Let r = t + 15. What are the prime factors of r?
7
Suppose 2*o - 4 = 46. What are the prime factors of o?
5
Let d(a) = 2*a + 0*a + 2 - 5*a. Suppose 9*n + 15 = 4*n. What are the prime factors of d(n)?
11
Let w = -7 - 35. Let l = w - -92. List the prime factors of l.
2, 5
Let t(d) = -3*d - 3. Let r be t(-2). Suppose 2*l + 2*z = 0, -r*z = -5*l - 2*z. Suppose l = -q + 8 + 12. What are the prime factors of q?
2, 5
Suppose 5*i + 3*v - 185 = 0, -4*i = -2*v - 2*v - 116. What are the prime factors of i?
2, 17
Suppose -6 = 5*b - 16. List the prime factors of b.
2
Suppose -5*k + 12 = -13. Suppose 0 = -q - 0*q - k, 4*q + 90 = 5*b. Suppose 4*g - b = 10. What are the prime factors of g?
2, 3
Let g = 9 - 34. Let h = g - -73. What are the prime factors of h?
2, 3
Suppose 5*i - 12 = 48. Suppose 5*z - 47 = 48. Let f = z - i. What are the prime factors of f?
7
Suppose 4*w - 98 = q + 546, -2*w = -q - 324. List the prime factors of w.
2, 5
Suppose 16*b = 9*b + 133. What are the prime factors of b?
19
Suppose -j - j = -66. What are the prime factors of 1/(-3*(-1)/j)?
11
Suppose -h + 202 = -0*a + 3*a, -4*a + 301 = -5*h. Suppose 2*y - a = -y. List the prime factors of y.
23
Suppose 0 = -3*y + 49 + 62. List the prime factors of -4*(-3)/3 + y.
41
Suppose -4*u - 40 = -4*v, -u + 2 = 3*v + 4. Let p = 12 + u. List the prime factors of p.
2
Suppose 2*r = -1 - 3. List the prime factors of (0 + 2 - r)/2.
2
Let x = -1 + 4. Suppose 0 = 4*g - x*v - v - 116, -2*v - 114 = -4*g. Suppose -5*i + g - 8 = 0. What are the prime factors of i?
2
Suppose -112 = -5*r + 3*i, -2*r + 0*r + 44 = -2*i. List the prime factors of r.
23
Let d = 4 - 2. Suppose -5*k + 2 = -d*u, 0 = u - 0*k + 2*k - 8. What are the prime factors of u?
2
List the prime factors of (-6 - -5)/(1/(-33)).
3, 11
Let i(t) = -t**3 + 3*t**2 + t - 3. Let b be i(3). List the prime factors of 3 + -1 + (7 - b).
3
Let a = 3 - 10. Let f(k) be the second derivative of -k**3/3 + 24*k. List the prime factors of f(a).
2, 7
Let d = 1 + 0. List the prime factors of (d - (-2)/(-2)) + 4.
2
Let v = 44 + -24. List the prime factors of v.
2, 5
Let w(v) = 3 - v - 1 + 0*v. Let g be (-8)/20 - (1 - (-16)/10). What are the prime factors of w(g)?
5
Suppose -v + 3*v - 48 = 0. Suppose -2*o - c = -3*o + v, 4*c - 30 = -2*o. What are the prime factors of o?
3, 7
Let l = 8 + -8. Let x(p) = p**3 + p + 4. List the prime factors of x(l).
2
Let k(a) = a**2 + 3*a - 6. Let s be k(4). Let t = -16 + s. List the prime factors of t.
2, 3
Let i = 1 + -1. Let g = 11 - i. Suppose -4*w + 56 = 4*x, -5*x = 2*w - g - 23. List the prime factors of w.
2, 3
Let z = -4 - -8. Let k be z*1*12/16. Suppose k*a + 0*a - 27 = 0. List the prime factors of a.
3
Let p(z) = 4*z + 7. Let c be p(7). Suppose 2*g = 5*n + 25, g - 6*g + 3*n = -15. Suppose g = 2*i + 3*i - c. List the prime factors of i.
7
Let t = 32 - -14. What are the prime factors of t?
2, 23
Let c be (-6)/(-4)*(2 - -2). What are the prime factors of (-168)/(-18) + (-2)/c?
3
Let q be 10/6 - (-6)/(-9). Suppose -q + 3 = 3*k - 5*z, -5*z + 6 = -k. List the prime factors of k.
2
Let m be (-2)/(-9) + (-5341)/(-63). Let g = -51 + m. What are the prime factors of g?
2, 17
Suppose n = 240 - 63. List the prime factors of n.
3, 59
Let h be ((-3)/2)/(12/(-136)). Let p = -46 + 76. Let k = p - h. List the prime factors of k.
13
Let z be 1*(-4 - -3) + -3. Let a(m) = -m**3 - 3*m**2 + m + 2. List the prime factors of a(z).
2, 7
Let j = -200 - -284. List the prime factors of j.
2, 3, 7
Let n(w) = -w - 13. Let f be n(-6). Let m = 11 + f. Suppose 18 = m*q - q. List the prime factors of q.
2, 3
Let v be (-24)/(-9)*30/4. Let a be (-4)/(-6) + v/(-3). List the prime factors of 2/a - 20/(-6).
3
Let o = -21 - 25. Let p = o - -72. List the prime factors of p.
2, 13
Let f = 4 - 21. List the prime factors of 1 + 0 + 2 - f.
2, 5
Let p = 122 + -81. List the prime factors of p.
41
Let r(n) be the third derivative of 1/6*n**3 + 1/8*n**4 + 0 - 3*n**2 + 0*n. What are the prime factors of r(3)?
2, 5
Let y be (4/(-8))/(2/(-108)). Let g = -40 + 57. Let q = y - g. List the prime factors of q.
2, 5
Let t(i) = i**2 + 5*i - 8. Let x be t(-7). What are the prime factors of 17 - (x - 3 - 4)?
2, 3
Let y(r) be the second derivative of r**5/10 - r**4/4 + r**3/6 + r**2/2 + 4*r. Let j be y(2). Suppose -s + 2 = -j. What are the prime factors of s?
3
List the prime factors of 5/(-10) + (1799/2)/7.
2
Let m = -1 + 5. Suppose m*q + 5*u = 15, 5*q + 5*u = -0 + 20. What are the prime factors of q?
5
Let n be 1/(2*3/(-90)). List the prime factors of ((-220)/n)/(4/6).
2, 11
Let y = -2 - -5. Suppose y*f = 2*f + 2. Suppose 5*r + 20 = f*g - g, -8 = 4*r. What are the prime factors of g?
2, 5
Suppose -5*v - 40 = -0*v. What are the prime factors of ((-8)/3)/(v/12)?
2
Let s(i) = -4*i - 15. List the prime factors of s(-10).
5
Let k = -6 + 69. Let g = k - 23. What are the prime factors of g?
2, 5
What are the prime factors of (1 - -90) + (-10)/5*1?
89
Let p = -1 + 30. What are the prime factors of p?
29
Suppose 0 = 2*k + k - 18. Suppose k*v - 3*v = 0. Suppose v = -4*o + j + 4*j + 81, -4*o + 61 = -j. What are the prime factors of o?
2, 7
Let w = 47 + 35. List the prime factors of w.
2, 41
Let p(q) be the third derivative of -q**4/12 - q**3/2 + 2*q**2. Let r(j) = -2*j**2 + j - 1. Let x be r(2). List the prime factors of p(x).
11
Let z(a) = -2*a + 3. Suppose -3*j - 3 = 6. List the prime factors of z(j).
3
What are the prime factors of 0 + -3*(-56)/12?
2, 7
Let v(i) = -i**2 - 11*i + 17. List the prime factors of v(-12).
5
Suppose a + 0*a - 35 = -4*s, -2*a = 10. What are the prime factors of (-410)/(-25) - 4/s?
2
Let r = -4 - -8. Let o = r - 4. Suppose 4*k - 4*c = 1 + 23, o = k - 2*c - 6. What are the prime factors of k?
2, 3
Let h = -55 + 10. List the prime factors of (2 - h/(-6))*-2.
11
Let d = -1 - -59. List the prime factors of d.
2, 29
Let o(d) = d**2 + 6*d - 9. Let t be o(-7). Let a be (-6 + t)/(2 + -1). Let n = a - -15. List the prime factors of n.
7
Let t(w) = w + 2*w**3 + 5*w**2 + 3*w**3 - 4*w**3. Let f be t(-2). Let n = -4 + f. What are the prime factors of n?
2, 3
Let u = 48 + -21. List the prime factors of u.
3
Suppose 3*y - 180 = -2*y. List the prime factors of y.
2, 3
Let g(v) = 4*v + 19. Let a(w) = -11*w - 56. Let y(o) = -3*a(o) - 8*g(o). Let u be y(0). What are the prime factors of (18/8)/(3/u)?
2, 3
Suppose -2*b + 4 = -0*b. Suppose -2*g = -34 + b. List the prime factors of g.
2
Let o(i) = -i**3 - 6*i**2 + i + 5. Let m be o(-6). Let c = m - -3. Suppose 3*p = -h + 3, h = 5*p - c*h - 19. List the prime factors of p.
2
Suppose 0 = -3*t - 15, -145 = -5*o + 3*t + 2*t. What are the prime factors of o?
2, 3
Let o = -58 + 83. List the prime factors of o.
5
Let h(g) = -41*g + 1. List the prime factors of h(-1).
2, 3, 7
Let g(j) = -2*j - 2. Let c be g(-2). Let m(q) = -4*q. Let w be m(-3). Suppose -c*l - 2 = -w. What are the prime factors of l?
5
Let o(h) = -3*h + 7. List the prime factors of o(-13).
2, 23
Let l be (-1)/2*(-64)/8. Suppose -10 = -l*z - z. Suppose -2 = -z*f + 22. What are the prime factors of f?
2, 3
Suppose q + q + 15 = 5*k, -4*q + 25 = k. Suppose 1